014596 is divided by 2440?
2436
What is the remainder when 647817 is divided by 92525?
142
Calculate the remainder when 3082442 is divided by 313.
18
Calculate the remainder when 2105193 is divided by 76.
69
Calculate the remainder when 357436 is divided by 216.
172
Calculate the remainder when 184552334 is divided by 99.
98
Calculate the remainder when 1547549 is divided by 2824.
2821
Calculate the remainder when 9869 is divided by 649.
134
Calculate the remainder when 5230467 is divided by 59.
58
Calculate the remainder when 12164886 is divided by 16710.
6
Calculate the remainder when 32562 is divided by 2709.
54
What is the remainder when 3265362 is divided by 1632411?
540
Calculate the remainder when 709174 is divided by 5910.
5884
What is the remainder when 2657997 is divided by 91655?
2
Calculate the remainder when 123864 is divided by 558.
546
What is the remainder when 36897867 is divided by 269?
213
What is the remainder when 15082 is divided by 173?
31
Calculate the remainder when 2716875 is divided by 123493.
29
What is the remainder when 237754 is divided by 192?
58
Calculate the remainder when 377064 is divided by 10451.
828
What is the remainder when 245356 is divided by 3861?
2113
Calculate the remainder when 2314860 is divided by 279.
276
What is the remainder when 4320407 is divided by 479?
306
Calculate the remainder when 4290220 is divided by 3076.
2276
Calculate the remainder when 1077619 is divided by 29923.
391
What is the remainder when 11720781 is divided by 80?
61
What is the remainder when 66570 is divided by 1024?
10
What is the remainder when 293149 is divided by 293103?
46
What is the remainder when 11698 is divided by 123?
13
Calculate the remainder when 358924 is divided by 641.
605
Calculate the remainder when 21617252 is divided by 301.
34
What is the remainder when 23246725 is divided by 49?
47
What is the remainder when 4763680 is divided by 145?
140
What is the remainder when 525680 is divided by 10903?
2336
What is the remainder when 521222 is divided by 141?
86
Calculate the remainder when 168434 is divided by 10520.
114
What is the remainder when 1287998 is divided by 3014?
1020
Calculate the remainder when 4711894 is divided by 25.
19
Calculate the remainder when 30552 is divided by 1197.
627
What is the remainder when 42599816 is divided by 4380?
4316
What is the remainder when 2271975 is divided by 3601?
3345
What is the remainder when 292509 is divided by 4878?
4707
What is the remainder when 3671145 is divided by 29136?
9
Calculate the remainder when 1318471 is divided by 21.
7
What is the remainder when 191797121 is divided by 8339005?
6
Calculate the remainder when 137001950 is divided by 137001942.
8
Calculate the remainder when 10024 is divided by 4645.
734
Calculate the remainder when 7206694 is divided by 50.
44
What is the remainder when 23282328 is divided by 1099?
13
Calculate the remainder when 17631 is divided by 17377.
254
What is the remainder when 372684 is divided by 2829?
2085
What is the remainder when 132485 is divided by 7746?
803
What is the remainder when 19910485 is divided by 14?
7
What is the remainder when 7062897 is divided by 1295?
1262
What is the remainder when 28175 is divided by 1522?
779
Calculate the remainder when 350859 is divided by 1429.
754
Calculate the remainder when 482344 is divided by 723.
103
Calculate the remainder when 68711 is divided by 22857.
140
Calculate the remainder when 77377 is divided by 706.
423
What is the remainder when 228826 is divided by 10924?
10346
What is the remainder when 314135 is divided by 819?
458
Calculate the remainder when 6985989 is divided by 3492991.
7
Calculate the remainder when 42754140 is divided by 32.
28
What is the remainder when 166897 is divided by 7135?
2792
Calculate the remainder when 50352165 is divided by 45.
0
What is the remainder when 2446067 is divided by 39?
26
Calculate the remainder when 202056 is divided by 343.
29
What is the remainder when 19454837 is divided by 1657?
0
What is the remainder when 41505053 is divided by 41505044?
9
What is the remainder when 26150956 is divided by 204?
196
What is the remainder when 31871 is divided by 293?
227
What is the remainder when 5385334 is divided by 8?
6
What is the remainder when 970448 is divided by 27?
14
What is the remainder when 46837305 is divided by 167?
151
What is the remainder when 80558 is divided by 11399?
765
Calculate the remainder when 12057453 is divided by 14.
9
What is the remainder when 214363 is divided by 106800?
763
Calculate the remainder when 477063 is divided by 3183.
2796
Calculate the remainder when 11712365 is divided by 739.
693
What is the remainder when 2029219 is divided by 315?
304
Calculate the remainder when 12646373 is divided by 35424.
5
Calculate the remainder when 234728 is divided by 1052.
132
Calculate the remainder when 19694 is divided by 434.
164
Calculate the remainder when 691209 is divided by 1380.
1209
Calculate the remainder when 11495569 is divided by 671.
668
Calculate the remainder when 8615802 is divided by 2665.
2522
Calculate the remainder when 156585 is divided by 4774.
3817
What is the remainder when 22579487 is divided by 253?
249
What is the remainder when 7263937 is divided by 2421309?
10
Calculate the remainder when 7690 is divided by 7607.
83
What is the remainder when 294433 is divided by 1664?
1569
Calculate the remainder when 400850826 is divided by 1488.
1482
What is the remainder when 404830 is divided by 38?
16
What is the remainder when 666651 is divided by 166654?
35
What is the remainder when 32032417 is divided by 6406483?
2
Calculate the remainder when 805588 is divided by 805577.
11
What is the remainder when 124860 is divided by 39236?
7152
Calculate the remainder when 11298020 is divided by 10500.
20
Calculate the remainder when 35768645 is divided by 39220.
5
Calculate the remainder when 764027 is divided by 27278.
243
What is the remainder when 3188257 is divided by 260?
137
What is the remainder when 97491 is divided by 6123?
5646
What is the remainder when 4981005 is divided by 1138?
1117
Calculate the remainder when 2135679 is divided by 1613.
67
What is the remainder when 67463 is divided by 7?
4
Calculate the remainder when 22286 is divided by 172.
98
Calculate the remainder when 146987 is divided by 1986.
23
What is the remainder when 93159981 is divided by 154?
145
What is the remainder when 1071784 is divided by 2813?
31
Calculate the remainder when 121793999 is divided by 330065.
14
What is the remainder when 211452 is divided by 2302?
1970
Calculate the remainder when 2876207 is divided by 4925.
7
What is the remainder when 5145964 is divided by 857635?
154
What is the remainder when 59468629 is divided by 2973430?
29
Calculate the remainder when 11177 is divided by 5346.
485
What is the remainder when 179673 is divided by 809?
75
Calculate the remainder when 1212558 is divided by 4766.
1994
Calculate the remainder when 2396897 is divided by 531.
494
Calculate the remainder when 6940562 is divided by 8332.
6
What is the remainder when 481382 is divided by 1437?
1424
What is the remainder when 20963855 is divided by 1104?
1103
Calculate the remainder when 32367312 is divided by 123.
108
Calculate the remainder when 2031021 is divided by 1354.
21
What is the remainder when 1519377 is divided by 2398?
1443
What is the remainder when 32630229 is divided by 146983?
3
Calculate the remainder when 107140 is divided by 10316.
3980
Calculate the remainder when 190975 is divided by 1122.
235
What is the remainder when 3550490 is divided by 375?
365
Calculate the remainder when 492208 is divided by 122815.
948
What is the remainder when 63443 is divided by 2875?
193
What is the remainder when 1377810 is divided by 172224?
18
Calculate the remainder when 217686 is divided by 487.
484
Calculate the remainder when 24130342 is divided by 2856.
2854
Calculate the remainder when 108243 is divided by 8969.
615
Calculate the remainder when 49588 is divided by 24606.
376
What is the remainder when 262330 is divided by 65518?
258
Calculate the remainder when 850299 is divided by 6598.
5755
Calculate the remainder when 35107 is divided by 14686.
5735
What is the remainder when 2364571 is 